{"id":2699,"date":"2023-08-14T12:57:20","date_gmt":"2023-08-14T10:57:20","guid":{"rendered":"https:\/\/wannabeer.fr\/?page_id=2699"},"modified":"2025-02-26T18:06:44","modified_gmt":"2025-02-26T17:06:44","slug":"evenements","status":"publish","type":"page","link":"https:\/\/wannabeer.fr\/?page_id=2699","title":{"rendered":"\u00c9v\u00e8nements"},"content":{"rendered":"\t\t<div data-elementor-type=\"wp-page\" data-elementor-id=\"2699\" class=\"elementor elementor-2699\" data-elementor-post-type=\"page\">\n\t\t\t\t\t\t\t\t\t<section class=\"elementor-section elementor-top-section elementor-element elementor-element-8ba0cce elementor-section-boxed elementor-section-height-default elementor-section-height-default\" data-id=\"8ba0cce\" data-element_type=\"section\" data-settings=\"{&quot;background_background&quot;:&quot;gradient&quot;}\">\n\t\t\t\t\t\t<div class=\"elementor-container elementor-column-gap-default\">\n\t\t\t\t\t<div class=\"elementor-column elementor-col-100 elementor-top-column elementor-element elementor-element-3c5539f\" data-id=\"3c5539f\" data-element_type=\"column\">\n\t\t\t<div class=\"elementor-widget-wrap elementor-element-populated\">\n\t\t\t\t\t\t\t\t<div class=\"elementor-element elementor-element-2708935 elementor-widget elementor-widget-heading\" data-id=\"2708935\" data-element_type=\"widget\" data-widget_type=\"heading.default\">\n\t\t\t\t<div class=\"elementor-widget-container\">\n\t\t\t<style>\/*! elementor - v3.14.0 - 26-06-2023 *\/\n.elementor-heading-title{padding:0;margin:0;line-height:1}.elementor-widget-heading .elementor-heading-title[class*=elementor-size-]>a{color:inherit;font-size:inherit;line-height:inherit}.elementor-widget-heading .elementor-heading-title.elementor-size-small{font-size:15px}.elementor-widget-heading .elementor-heading-title.elementor-size-medium{font-size:19px}.elementor-widget-heading .elementor-heading-title.elementor-size-large{font-size:29px}.elementor-widget-heading .elementor-heading-title.elementor-size-xl{font-size:39px}.elementor-widget-heading .elementor-heading-title.elementor-size-xxl{font-size:59px}<\/style><h2 class=\"elementor-heading-title elementor-size-xxl\">Nos \u00e9v\u00e8nements<\/h2>\t\t<\/div>\n\t\t\t\t<\/div>\n\t\t\t\t\t<\/div>\n\t\t<\/div>\n\t\t\t\t\t\t\t<\/div>\n\t\t<\/section>\n\t\t\t\t<section class=\"elementor-section elementor-top-section elementor-element elementor-element-504b2412 elementor-section-full_width elementor-section-height-default elementor-section-height-default\" data-id=\"504b2412\" data-element_type=\"section\" id=\"concept\" data-settings=\"{&quot;background_background&quot;:&quot;classic&quot;}\">\n\t\t\t\t\t\t<div class=\"elementor-container elementor-column-gap-no\">\n\t\t\t\t\t<div class=\"elementor-column elementor-col-100 elementor-top-column elementor-element elementor-element-52de43f8\" data-id=\"52de43f8\" data-element_type=\"column\">\n\t\t\t<div class=\"elementor-widget-wrap elementor-element-populated\">\n\t\t\t\t\t\t\t\t<div class=\"elementor-element elementor-element-6739b6cf elementor-widget elementor-widget-kaffen-about-us\" data-id=\"6739b6cf\" data-element_type=\"widget\" data-widget_type=\"kaffen-about-us.default\">\n\t\t\t\t<div class=\"elementor-widget-container\">\n\t\t\t\n    <!-- Section About -->\n    <section class=\"section kf-about\">\n      <div class=\"container\">\n\n        <div class=\"row\">\n          <div class=\"col-xs-12 col-sm-12 col-md-12 col-lg-5\">\n                        <div class=\"kf-titles\">\n                            <div class=\"kf-subtitle element-anim-1 scroll-animate\" data-animate=\"active\">\n                <span >\n                  Let's get party !                <\/span>\n              <\/div>\n                                          <h3 class=\"kf-title element-anim-1 scroll-animate\" data-animate=\"active\">\n                <span >\n                  Partager une bi\u00e8re oui, mais pas que...                 <\/span>\n              <\/h3>\n                          <\/div>\n            \n                        <div class=\"kf-text element-anim-1 scroll-animate\" data-animate=\"active\">\n              <div >\n                <p>Lors de grands \u00e9v\u00e8nements sportifs (football et rugby notamment), nous vous proposons la diffusion en direct des matchs sur notre magnifique t\u00e9l\u00e9viseur 65 pouces, visible par tous !&nbsp;<\/p>\n<p><\/p>\n<p>Nous organisons \u00e9galement des soir\u00e9es sp\u00e9ciales (\u00e0 th\u00e8me ou non) \u00e0 l'occasion de diff\u00e9rents jours de f\u00eates (Halloween, Nouvel an, St patrick, St valentin,&nbsp; F\u00eate de la musique...).<\/p>\n<p><br><\/p>              <\/div>\n            <\/div>\n            \n                        <div class=\"kf-about-quote element-anim-1 scroll-animate\" data-animate=\"active\">\n                            <img decoding=\"async\" src=\"https:\/\/wannabeer.fr\/wp-content\/uploads\/2023\/09\/Capture-decran-2023-09-10-a-21.55.40-modified.png\" alt=\"image\" \/>\n                                          <div >\n                Pour suivre nos \u00e9v\u00e8nements, rendez-vous sur nos pages Instagram et Facebook              <\/div>\n                          <\/div>\n                      <\/div>\n          <div class=\"col-xs-12 col-sm-12 col-md-12 col-lg-7\">\n                        <div class=\"kf-about-image element-anim-1 scroll-animate\" data-animate=\"active\">\n              <img decoding=\"async\" src=\"https:\/\/wannabeer.fr\/wp-content\/uploads\/2023\/09\/Capture-decran-2023-09-10-a-21.38.28.png\" alt=\"image\" \/>\n            <\/div>\n                      <\/div>\n        <\/div>\n\n      <\/div>\n    <\/section>\n\n\t\t\t\t<\/div>\n\t\t\t\t<\/div>\n\t\t\t\t\t<\/div>\n\t\t<\/div>\n\t\t\t\t\t\t\t<\/div>\n\t\t<\/section>\n\t\t\t\t<section class=\"elementor-section elementor-top-section elementor-element elementor-element-2bab820 elementor-section-boxed elementor-section-height-default elementor-section-height-default\" data-id=\"2bab820\" data-element_type=\"section\" data-settings=\"{&quot;background_background&quot;:&quot;classic&quot;}\">\n\t\t\t\t\t\t<div class=\"elementor-container elementor-column-gap-default\">\n\t\t\t\t\t<div class=\"elementor-column elementor-col-100 elementor-top-column elementor-element elementor-element-a1baba7\" data-id=\"a1baba7\" data-element_type=\"column\">\n\t\t\t<div class=\"elementor-widget-wrap elementor-element-populated\">\n\t\t\t\t\t\t\t\t<div class=\"elementor-element elementor-element-e6394f9 elementor-widget elementor-widget-text-editor\" data-id=\"e6394f9\" data-element_type=\"widget\" data-widget_type=\"text-editor.default\">\n\t\t\t\t<div class=\"elementor-widget-container\">\n\t\t\t<style>\/*! elementor - v3.14.0 - 26-06-2023 *\/\n.elementor-widget-text-editor.elementor-drop-cap-view-stacked .elementor-drop-cap{background-color:#69727d;color:#fff}.elementor-widget-text-editor.elementor-drop-cap-view-framed .elementor-drop-cap{color:#69727d;border:3px solid;background-color:transparent}.elementor-widget-text-editor:not(.elementor-drop-cap-view-default) .elementor-drop-cap{margin-top:8px}.elementor-widget-text-editor:not(.elementor-drop-cap-view-default) .elementor-drop-cap-letter{width:1em;height:1em}.elementor-widget-text-editor .elementor-drop-cap{float:left;text-align:center;line-height:1;font-size:50px}.elementor-widget-text-editor .elementor-drop-cap-letter{display:inline-block}<\/style>\t\t\t\t<p style=\"margin-top: 0px; margin-bottom: 0px; background-color: #090c0f;\"><span style=\"color: #ffffff; font-family: Oswald; font-size: 40px;\" data-start=\"71\" data-end=\"117\">Privatisez notre bar pour vos \u00e9v\u00e9nements !<\/span><span style=\"color: #ffffff; font-family: Oswald; font-size: 40px;\">&nbsp;\ud83c\udf7b<\/span><\/p>\n<p style=\"margin-top: 0px; margin-bottom: 0px; background-color: #090c0f;\">\n<\/p><p style=\"margin-top: 0px; margin-bottom: 0px; background-color: #090c0f;\" data-start=\"126\" data-end=\"297\">Envie d\u2019un lieu convivial et chaleureux pour c\u00e9l\u00e9brer un anniversaire, un afterwork, une soir\u00e9e entre amis ou tout autre \u00e9v\u00e9nement ? Notre bar \u00e0 bi\u00e8re est privatisable !<\/p>\n<p style=\"margin-top: 0px; margin-bottom: 0px; background-color: #090c0f;\" data-start=\"126\" data-end=\"297\">\n<\/p><p style=\"margin-top: 0px; margin-bottom: 0px; background-color: #090c0f;\" data-start=\"299\" data-end=\"532\">\u2705&nbsp;<span style=\"font-weight: bold;\" data-start=\"301\" data-end=\"321\">Espace privatis\u00e9<\/span>&nbsp;pour vous et vos invit\u00e9s<br data-start=\"346\" data-end=\"349\">\ud83c\udf7d&nbsp;<span style=\"font-weight: bold;\" data-start=\"352\" data-end=\"377\">Restauration flexible<\/span>&nbsp;: choisissez parmi notre carte ou optez pour un traiteur ext\u00e9rieur sur devis<br data-start=\"444\" data-end=\"447\">\ud83c\udf7b&nbsp;<span style=\"font-weight: bold;\" data-start=\"450\" data-end=\"472\">Boissons sur devis<\/span>&nbsp;: un large choix de bi\u00e8res artisanales et autres boissons<\/p><p style=\"margin-top: 0px; margin-bottom: 0px; background-color: #090c0f;\" data-start=\"299\" data-end=\"532\"><br><\/p>\n<p style=\"margin-top: 0px; margin-bottom: 0px; background-color: #090c0f;\" data-start=\"534\" data-end=\"611\">Nous nous adaptons \u00e0 vos envies pour vous garantir une soir\u00e9e inoubliable !<\/p><p style=\"margin-top: 0px; margin-bottom: 0px; background-color: #090c0f;\" data-start=\"534\" data-end=\"611\"><br><\/p>\n<p style=\"margin-top: 0px; margin-bottom: 0px; background-color: #090c0f;\" data-start=\"613\" data-end=\"703\">\ud83d\udcc5&nbsp;<span style=\"font-weight: bold;\" data-start=\"616\" data-end=\"641\">Infos et r\u00e9servations<\/span>&nbsp;: contactez-nous d\u00e8s maintenant pour un devis personnalis\u00e9.<\/p>\t\t\t\t\t\t<\/div>\n\t\t\t\t<\/div>\n\t\t\t\t\t<\/div>\n\t\t<\/div>\n\t\t\t\t\t\t\t<\/div>\n\t\t<\/section>\n\t\t\t\t<section class=\"elementor-section elementor-top-section elementor-element elementor-element-f9d2328 elementor-section-boxed elementor-section-height-default elementor-section-height-default\" data-id=\"f9d2328\" data-element_type=\"section\" id=\"footer\" data-settings=\"{&quot;background_background&quot;:&quot;gradient&quot;}\">\n\t\t\t\t\t\t<div class=\"elementor-container elementor-column-gap-default\">\n\t\t\t\t\t<div class=\"elementor-column elementor-col-100 elementor-top-column elementor-element elementor-element-4634a213\" data-id=\"4634a213\" data-element_type=\"column\">\n\t\t\t<div class=\"elementor-widget-wrap elementor-element-populated\">\n\t\t\t\t\t\t\t\t<div class=\"elementor-element elementor-element-755fc38f e-transform elementor-widget elementor-widget-text-editor\" data-id=\"755fc38f\" data-element_type=\"widget\" data-settings=\"{&quot;_transform_translateY_effect_mobile&quot;:{&quot;unit&quot;:&quot;px&quot;,&quot;size&quot;:-25,&quot;sizes&quot;:[]},&quot;_transform_translateX_effect&quot;:{&quot;unit&quot;:&quot;px&quot;,&quot;size&quot;:&quot;&quot;,&quot;sizes&quot;:[]},&quot;_transform_translateX_effect_tablet&quot;:{&quot;unit&quot;:&quot;px&quot;,&quot;size&quot;:&quot;&quot;,&quot;sizes&quot;:[]},&quot;_transform_translateX_effect_mobile&quot;:{&quot;unit&quot;:&quot;px&quot;,&quot;size&quot;:&quot;&quot;,&quot;sizes&quot;:[]},&quot;_transform_translateY_effect&quot;:{&quot;unit&quot;:&quot;px&quot;,&quot;size&quot;:&quot;&quot;,&quot;sizes&quot;:[]},&quot;_transform_translateY_effect_tablet&quot;:{&quot;unit&quot;:&quot;px&quot;,&quot;size&quot;:&quot;&quot;,&quot;sizes&quot;:[]}}\" data-widget_type=\"text-editor.default\">\n\t\t\t\t<div class=\"elementor-widget-container\">\n\t\t\t\t\t\t\t<p style=\"text-align: center;\"><span style=\"color: rgb(158, 161, 162); font-size: 16px; background-color: transparent;\">&nbsp;<\/span><br><\/p>\n<p style=\"text-align: center;\"><span style=\"color: #9ea1a2; font-size: 16px;\">Copyright \u00a9 2023 Wanna beer. Tous droits r\u00e9serv\u00e9s.<\/span><\/p>\n<div><span style=\"color: #9ea1a2; font-size: 16px;\">&nbsp;<\/span><\/div>\t\t\t\t\t\t<\/div>\n\t\t\t\t<\/div>\n\t\t\t\t\t<\/div>\n\t\t<\/div>\n\t\t\t\t\t\t\t<\/div>\n\t\t<\/section>\n\t\t\t\t<section class=\"elementor-section elementor-top-section elementor-element elementor-element-fac6674 elementor-section-boxed elementor-section-height-default elementor-section-height-default\" data-id=\"fac6674\" data-element_type=\"section\" data-settings=\"{&quot;background_background&quot;:&quot;gradient&quot;}\">\n\t\t\t\t\t\t<div class=\"elementor-container elementor-column-gap-default\">\n\t\t\t\t\t<div class=\"elementor-column elementor-col-100 elementor-top-column elementor-element elementor-element-e636e6c\" data-id=\"e636e6c\" data-element_type=\"column\">\n\t\t\t<div class=\"elementor-widget-wrap elementor-element-populated\">\n\t\t\t\t\t\t\t\t<div class=\"elementor-element elementor-element-3b2a09e e-transform elementor-widget elementor-widget-image\" data-id=\"3b2a09e\" data-element_type=\"widget\" data-settings=\"{&quot;_transform_translateY_effect&quot;:{&quot;unit&quot;:&quot;px&quot;,&quot;size&quot;:-49,&quot;sizes&quot;:[]},&quot;_transform_translateY_effect_mobile&quot;:{&quot;unit&quot;:&quot;px&quot;,&quot;size&quot;:-62,&quot;sizes&quot;:[]},&quot;_transform_translateX_effect&quot;:{&quot;unit&quot;:&quot;px&quot;,&quot;size&quot;:&quot;&quot;,&quot;sizes&quot;:[]},&quot;_transform_translateX_effect_tablet&quot;:{&quot;unit&quot;:&quot;px&quot;,&quot;size&quot;:&quot;&quot;,&quot;sizes&quot;:[]},&quot;_transform_translateX_effect_mobile&quot;:{&quot;unit&quot;:&quot;px&quot;,&quot;size&quot;:&quot;&quot;,&quot;sizes&quot;:[]},&quot;_transform_translateY_effect_tablet&quot;:{&quot;unit&quot;:&quot;px&quot;,&quot;size&quot;:&quot;&quot;,&quot;sizes&quot;:[]}}\" data-widget_type=\"image.default\">\n\t\t\t\t<div class=\"elementor-widget-container\">\n\t\t\t<style>\/*! elementor - v3.14.0 - 26-06-2023 *\/\n.elementor-widget-image{text-align:center}.elementor-widget-image a{display:inline-block}.elementor-widget-image a img[src$=\".svg\"]{width:48px}.elementor-widget-image img{vertical-align:middle;display:inline-block}<\/style>\t\t\t\t\t\t\t\t\t\t\t\t<img decoding=\"async\" width=\"300\" height=\"212\" src=\"https:\/\/wannabeer.fr\/wp-content\/uploads\/2023\/09\/wanna-beer-logo-3-1-300x212.png\" class=\"attachment-medium size-medium wp-image-3040\" alt=\"\" loading=\"lazy\" srcset=\"https:\/\/wannabeer.fr\/wp-content\/uploads\/2023\/09\/wanna-beer-logo-3-1-300x212.png 300w, https:\/\/wannabeer.fr\/wp-content\/uploads\/2023\/09\/wanna-beer-logo-3-1.png 354w\" sizes=\"(max-width: 300px) 100vw, 300px\" \/>\t\t\t\t\t\t\t\t\t\t\t\t\t\t\t<\/div>\n\t\t\t\t<\/div>\n\t\t\t\t\t<\/div>\n\t\t<\/div>\n\t\t\t\t\t\t\t<\/div>\n\t\t<\/section>\n\t\t\t\t\t\t\t<\/div>\n\t\t","protected":false},"excerpt":{"rendered":"<p>Nos \u00e9v\u00e8nements Let&#8217;s get party ! Partager une bi\u00e8re oui, mais pas que&#8230; Lors de grands \u00e9v\u00e8nements sportifs (football et rugby notamment), nous vous proposons la diffusion en direct des matchs sur notre magnifique t\u00e9l\u00e9viseur 65 pouces, visible par tous !&nbsp; Nous organisons \u00e9galement&#8230; <\/p>\n<div class=\"readmore\"><a href=\"https:\/\/wannabeer.fr\/?page_id=2699\" class=\"kf-btn-link\"><span>Read more<\/span> <i class=\"fas fa-chevron-right\"><\/i><\/a><\/div>\n","protected":false},"author":1,"featured_media":0,"parent":0,"menu_order":0,"comment_status":"closed","ping_status":"closed","template":"template-layout-builder.php","meta":{"_themeisle_gutenberg_block_has_review":false},"aioseo_notices":[],"_links":{"self":[{"href":"https:\/\/wannabeer.fr\/index.php?rest_route=\/wp\/v2\/pages\/2699"}],"collection":[{"href":"https:\/\/wannabeer.fr\/index.php?rest_route=\/wp\/v2\/pages"}],"about":[{"href":"https:\/\/wannabeer.fr\/index.php?rest_route=\/wp\/v2\/types\/page"}],"author":[{"embeddable":true,"href":"https:\/\/wannabeer.fr\/index.php?rest_route=\/wp\/v2\/users\/1"}],"replies":[{"embeddable":true,"href":"https:\/\/wannabeer.fr\/index.php?rest_route=%2Fwp%2Fv2%2Fcomments&post=2699"}],"version-history":[{"count":79,"href":"https:\/\/wannabeer.fr\/index.php?rest_route=\/wp\/v2\/pages\/2699\/revisions"}],"predecessor-version":[{"id":3380,"href":"https:\/\/wannabeer.fr\/index.php?rest_route=\/wp\/v2\/pages\/2699\/revisions\/3380"}],"wp:attachment":[{"href":"https:\/\/wannabeer.fr\/index.php?rest_route=%2Fwp%2Fv2%2Fmedia&parent=2699"}],"curies":[{"name":"wp","href":"https:\/\/api.w.org\/{rel}","templated":true}]}}